is the greatest common divisor of 164 and 244852?
164
What is the greatest common factor of 4412 and 8?
4
What is the highest common factor of 447 and 127246?
149
Calculate the greatest common factor of 1773 and 507.
3
What is the greatest common factor of 252846 and 792?
198
Calculate the greatest common factor of 135 and 25605.
45
What is the highest common divisor of 12308 and 58644?
724
Calculate the highest common factor of 16081 and 637.
13
Calculate the highest common divisor of 43134 and 34398.
546
Calculate the greatest common divisor of 31 and 2304.
1
Calculate the highest common factor of 4296174 and 402.
402
Calculate the greatest common factor of 17286 and 387.
129
What is the highest common divisor of 1275 and 13821?
51
What is the greatest common divisor of 170208 and 4?
4
What is the greatest common factor of 252 and 52464?
12
Calculate the greatest common divisor of 176 and 13752.
8
Calculate the highest common divisor of 412469 and 59.
59
What is the greatest common divisor of 3059774 and 668?
334
What is the highest common factor of 228 and 322734?
114
What is the greatest common divisor of 221 and 45781?
17
What is the highest common factor of 297408 and 24?
24
Calculate the highest common divisor of 5577 and 1848.
33
What is the highest common divisor of 4288 and 144?
16
Calculate the highest common factor of 297 and 1661715.
297
Calculate the highest common factor of 63 and 5882373.
63
What is the greatest common divisor of 195 and 1114815?
195
Calculate the greatest common divisor of 91 and 332033.
13
Calculate the greatest common factor of 43338 and 30.
6
What is the greatest common factor of 16968 and 10248?
168
What is the greatest common divisor of 307394 and 306?
34
What is the highest common divisor of 6054180 and 330?
330
What is the greatest common factor of 622 and 13540940?
622
Calculate the greatest common divisor of 57960 and 14720.
920
Calculate the highest common divisor of 680 and 1809820.
340
Calculate the highest common divisor of 31629 and 688539.
2433
What is the greatest common divisor of 2975 and 1300?
25
Calculate the greatest common factor of 2052 and 6048.
108
What is the highest common divisor of 7719 and 122259?
249
Calculate the greatest common divisor of 501396 and 127.
127
Calculate the highest common factor of 14 and 1113.
7
Calculate the greatest common factor of 55 and 233020.
5
What is the highest common divisor of 170028 and 639?
9
Calculate the greatest common divisor of 38 and 112822.
38
Calculate the greatest common divisor of 4448584 and 19.
19
Calculate the highest common divisor of 306 and 215577.
153
What is the highest common divisor of 504 and 29421?
63
What is the highest common factor of 5621 and 355729?
803
What is the greatest common factor of 1496573 and 166?
83
What is the highest common factor of 195015 and 645?
15
What is the greatest common factor of 537 and 22422972?
537
Calculate the greatest common divisor of 180 and 4630.
10
What is the greatest common factor of 41225 and 36125?
425
Calculate the greatest common divisor of 530 and 37220.
10
What is the greatest common factor of 29798 and 2536?
634
What is the greatest common divisor of 20 and 30565?
5
What is the highest common factor of 4876 and 1748?
92
Calculate the greatest common divisor of 105 and 18347.
7
Calculate the greatest common factor of 25960 and 8732.
236
Calculate the greatest common divisor of 392 and 3270211.
49
Calculate the greatest common factor of 1432 and 311818.
358
Calculate the greatest common divisor of 11080 and 3601.
277
Calculate the highest common divisor of 2732 and 7200.
4
Calculate the highest common factor of 79598 and 8.
2
What is the highest common factor of 1533 and 861?
21
Calculate the greatest common factor of 232 and 11542.
58
What is the greatest common divisor of 3 and 32?
1
What is the greatest common factor of 3038 and 1178?
62
What is the highest common factor of 198 and 2172?
6
Calculate the highest common factor of 423370 and 10.
10
Calculate the greatest common divisor of 78624 and 1890.
378
What is the highest common divisor of 10438 and 46?
2
Calculate the highest common factor of 7 and 5725083.
7
Calculate the highest common factor of 45603 and 81.
81
What is the greatest common divisor of 251317 and 33?
11
Calculate the greatest common factor of 145 and 2567515.
145
Calculate the highest common factor of 3052250 and 5.
5
What is the highest common divisor of 20575 and 75?
25
What is the highest common factor of 188 and 358516?
188
What is the highest common factor of 14 and 2422?
14
What is the greatest common factor of 36 and 89874?
18
What is the greatest common divisor of 9324 and 15372?
252
What is the highest common factor of 1491090 and 1380?
690
Calculate the greatest common factor of 17848881 and 1179.
1179
Calculate the highest common factor of 299 and 42251.
23
Calculate the greatest common divisor of 380 and 10735.
95
What is the highest common divisor of 2696 and 56279?
337
Calculate the greatest common factor of 58525 and 75.
25
What is the highest common divisor of 45730 and 340?
170
Calculate the greatest common divisor of 1325630 and 285.
95
What is the greatest common divisor of 432 and 828912?
48
What is the greatest common divisor of 17056 and 928?
32
What is the highest common divisor of 180691 and 622?
311
What is the highest common factor of 55 and 60863?
11
Calculate the highest common divisor of 332 and 101256.
4
What is the highest common factor of 2678 and 2522?
26
What is the highest common divisor of 3204 and 100748?
356
What is the greatest common divisor of 1320 and 1622610?
330
Calculate the highest common factor of 928 and 3074.
58
Calculate the greatest common divisor of 80 and 206660.
20
What is the greatest common factor of 1247 and 51388?
29
Calculate the greatest common factor of 59815 and 175.
35
What is the greatest common divisor of 1210 and 18590?
110
What is the greatest common divisor of 1380 and 8395?
115
What is the greatest common divisor of 176 and 917104?
16
What is the greatest common divisor of 143 and 498238?
13
Calculate the greatest common factor of 18 and 622.
2
Calculate the highest common divisor of 15 and 175335.
15
What is the highest common divisor of 1460316 and 143?
143
What is the greatest common factor of 8274505 and 515?
515
What is the greatest common factor of 232666 and 28?
14
What is the greatest common factor of 656 and 482980?
164
What is the highest common divisor of 103122 and 81554?
674
Calculate the highest common divisor of 207 and 1702.
23
Calculate the highest common divisor of 2674280 and 14.
14
What is the greatest common factor of 4 and 471898?
2
What is the highest common factor of 23221 and 11?
11
What is the greatest common divisor of 173992 and 208?
104
Calculate the highest common factor of 1520 and 9220.
20
What is the highest common factor of 34987 and 16011?
593
Calculate the highest common factor of 381 and 26151.
3
What is the highest common factor of 21170 and 75190?
730
What is the highest common divisor of 11336 and 51896?
104
What is the greatest common divisor of 134209 and 412?
103
What is the highest common factor of 130660 and 20?
20
What is the highest common divisor of 223560 and 216?
216
Calculate the highest common factor of 186258 and 1110.
222
Calculate the greatest common factor of 122408 and 11726.
286
Calculate the highest common divisor of 8 and 11037592.
8
What is the highest common divisor of 120 and 68220?
60
What is the highest common divisor of 1228854 and 22?
22
What is the highest common divisor of 273 and 110760?
39
What is the highest common factor of 36 and 80307?
9
What is the highest common divisor of 4102 and 1484?
14
Calculate the highest common divisor of 16260 and 940.
20
Calculate the greatest common factor of 525 and 61362.
21
What is the greatest common divisor of 103712 and 252?
28
What is the highest common divisor of 14532 and 580588?
692
Calculate the greatest common factor of 105812 and 140.
28
What is the greatest common divisor of 8976 and 445368?
264
Calculate the greatest common divisor of 986 and 2117.
29
What is the greatest common divisor of 40 and 685?
5
Calculate the greatest common factor of 13 and 14066.
13
Calculate